{"id":1493,"date":"2021-11-19T12:49:29","date_gmt":"2021-11-19T11:49:29","guid":{"rendered":"http:\/\/druckzentrum-westkueste.de\/shop2\/?post_type=product&#038;p=1493"},"modified":"2022-03-24T10:48:12","modified_gmt":"2022-03-24T09:48:12","slug":"keramiktasse-two-tones-handle-rechtshaendig-weiss","status":"publish","type":"product","link":"https:\/\/druckzentrum-westkueste.de\/shop2\/produkt\/keramiktasse-two-tones-handle-rechtshaendig-weiss\/","title":{"rendered":"Keramiktasse TWO TONES &#038; HANDLE, wei\u00df"},"content":{"rendered":"<p>Keramiktassen-becher zum selber gestalten<\/p>\n<p><u><span class=\"srdesctitle\">Keramiktasse TWO TONES &amp; HANDLE 11oz, DURAGLAZE, sp\u00fclmaschinengeeignet<\/span><\/u><\/p>\n<p>&#8211; Hochwertige 11oz Keramiktasse mit DURAGLAZE\u00ae-Coating<br \/>\n&#8211; Hochwei\u00df, gl\u00e4nzende Oberfl\u00e4che<br \/>\n&#8211; Henkel und Innenseite wei\u00df<br \/>\n&#8211; Hervorragend gerade und gleichm\u00e4\u00dfige Oberfl\u00e4che<br \/>\n&#8211; 100 % Sp\u00fclmaschinengeeignet nach BS EN 12875-4<br \/>\ngetestet auf 2.000 Sp\u00fclmaschineng\u00e4nge<br \/>\n&#8211; Mikrowellenbest\u00e4ndig nach BS EN 15284:2007<br \/>\n&#8211; Industriesp\u00fclmaschinenbest\u00e4ndig<br \/>\n&#8211; H\u00f6he 96 mm, \u00d8 80 mm, ca. 340 g<br \/>\n&#8211; Fassungsverm\u00f6gen ca. 330 ml<\/p>\n<p><span class=\"srdesctitle\">Diese Tassen bzw. Becher sind zum selber gestalten, laden Sie gerne Ihre Bilder hoch.<\/span><\/p>\n<p>Hier die Vorlage einer &#8222;aufgeschnittetenen Tasse&#8220;. Der wei\u00dfe Bereich ist der bedruckbare.<\/p>\n<p><img loading=\"lazy\" decoding=\"async\" class=\"alignnone size-medium wp-image-1492\" src=\"https:\/\/druckzentrum-westkueste.de\/shop2\/wp-content\/uploads\/2021\/11\/tasse-vorlage-1-800x291.png\" alt=\"\" width=\"800\" height=\"291\" \/><\/p>\n","protected":false},"excerpt":{"rendered":"<p><u><span class=\"srdesctitle\">Keramiktasse TWO TONES &amp; HANDLE 11oz, DURAGLAZE, sp\u00fclmaschinengeeignet<\/span><\/u><\/p>\n<p><span class=\"srdesctitle\">Diese Tassen sind zum selber gestalten, laden Sie gerne Ihre Bilder hoch<\/span><\/p>\n","protected":false},"featured_media":1494,"comment_status":"open","ping_status":"closed","template":"","meta":[],"product_brand":[],"product_cat":[141],"product_tag":[],"class_list":{"0":"post-1493","1":"product","2":"type-product","3":"status-publish","4":"has-post-thumbnail","6":"product_cat-tassen-becher","7":"tm-no-options","9":"first","10":"instock","11":"taxable","12":"shipping-taxable","13":"purchasable","14":"product-type-simple"},"tiered_pricing_type":"fixed","tiered_pricing_fixed_rules":[],"tiered_pricing_product_settings":{"layout":"default","base_unit_name":{"singular":null,"plural":null},"default_variation":null},"tiered_pricing_minimum_quantity":null,"tiered_pricing_roles_data":[],"tiered_pricing_percentage_rules":[],"_links":{"self":[{"href":"https:\/\/druckzentrum-westkueste.de\/shop2\/wp-json\/wp\/v2\/product\/1493","targetHints":{"allow":["GET"]}}],"collection":[{"href":"https:\/\/druckzentrum-westkueste.de\/shop2\/wp-json\/wp\/v2\/product"}],"about":[{"href":"https:\/\/druckzentrum-westkueste.de\/shop2\/wp-json\/wp\/v2\/types\/product"}],"replies":[{"embeddable":true,"href":"https:\/\/druckzentrum-westkueste.de\/shop2\/wp-json\/wp\/v2\/comments?post=1493"}],"wp:featuredmedia":[{"embeddable":true,"href":"https:\/\/druckzentrum-westkueste.de\/shop2\/wp-json\/wp\/v2\/media\/1494"}],"wp:attachment":[{"href":"https:\/\/druckzentrum-westkueste.de\/shop2\/wp-json\/wp\/v2\/media?parent=1493"}],"wp:term":[{"taxonomy":"product_brand","embeddable":true,"href":"https:\/\/druckzentrum-westkueste.de\/shop2\/wp-json\/wp\/v2\/product_brand?post=1493"},{"taxonomy":"product_cat","embeddable":true,"href":"https:\/\/druckzentrum-westkueste.de\/shop2\/wp-json\/wp\/v2\/product_cat?post=1493"},{"taxonomy":"product_tag","embeddable":true,"href":"https:\/\/druckzentrum-westkueste.de\/shop2\/wp-json\/wp\/v2\/product_tag?post=1493"}],"curies":[{"name":"wp","href":"https:\/\/api.w.org\/{rel}","templated":true}]}}